{"id":45,"date":"2022-04-01T17:39:14","date_gmt":"2022-04-01T17:39:14","guid":{"rendered":"https:\/\/therapieoberst.de\/?page_id=45"},"modified":"2022-04-02T10:14:41","modified_gmt":"2022-04-02T10:14:41","slug":"kontakt","status":"publish","type":"page","link":"https:\/\/therapieoberst.de\/?page_id=45","title":{"rendered":"Kontakt"},"content":{"rendered":"\n<p>Sie erreichen mich \u00fcber die E-Mail-Adresse therapieoberst@gmx.de oder \u00fcber die Telefonnummer 01575\/ 11 39 449 <\/p>\n\n\n\n<p>Die Praxis befindet sich im ersten Obergeschoss des Postgeb\u00e4udes in der Bergstra\u00dfe 4 in Soltau. Das Geb\u00e4ude kann durch den Seiteneingang betreten werden. \u00d6ffentliche Parkpl\u00e4tze befinden sich direkt vor dem Geb\u00e4ude. <\/p>\n\n\n\n<p>Falls Sie mit den \u00f6ffentlichen Verkehrsmitteln anreisen, so befindet sich direkt vor dem Geb\u00e4ude die Bushaltestelle Soltau Post, an welcher der Bus 200 h\u00e4lt. <br>Weiterhin befindet sich in ca. 700m Entfernung der  Bahnhof Soltau.<\/p>\n\n\n\n<figure class=\"wp-block-image size-large is-style-rounded\"><img decoding=\"async\" loading=\"lazy\" width=\"1024\" height=\"767\" src=\"https:\/\/therapieoberst.de\/wp-content\/uploads\/2022\/03\/200008800903_263676-1024x767.jpg\" alt=\"\" class=\"wp-image-47\" srcset=\"https:\/\/therapieoberst.de\/wp-content\/uploads\/2022\/03\/200008800903_263676-1024x767.jpg 1024w, https:\/\/therapieoberst.de\/wp-content\/uploads\/2022\/03\/200008800903_263676-300x225.jpg 300w, https:\/\/therapieoberst.de\/wp-content\/uploads\/2022\/03\/200008800903_263676-768x575.jpg 768w, https:\/\/therapieoberst.de\/wp-content\/uploads\/2022\/03\/200008800903_263676.jpg 1280w\" sizes=\"(max-width: 1024px) 100vw, 1024px\" \/><\/figure>\n","protected":false},"excerpt":{"rendered":"<p>Sie erreichen mich \u00fcber die E-Mail-Adresse therapieoberst@gmx.de oder \u00fcber die Telefonnummer 01575\/ 11 39 449 Die Praxis befindet sich im ersten Obergeschoss des Postgeb\u00e4udes in der Bergstra\u00dfe 4 in Soltau. Das Geb\u00e4ude kann durch den Seiteneingang betreten werden. \u00d6ffentliche Parkpl\u00e4tze befinden sich direkt vor dem Geb\u00e4ude. Falls Sie mit den \u00f6ffentlichen Verkehrsmitteln anreisen, so befindet&#8230;<\/p>\n","protected":false},"author":1,"featured_media":0,"parent":0,"menu_order":0,"comment_status":"closed","ping_status":"closed","template":"","meta":{"_kad_post_transparent":"","_kad_post_title":"","_kad_post_layout":"","_kad_post_sidebar_id":"","_kad_post_content_style":"","_kad_post_vertical_padding":"","_kad_post_feature":"","_kad_post_feature_position":"","_kad_post_header":false,"_kad_post_footer":false},"_links":{"self":[{"href":"https:\/\/therapieoberst.de\/index.php?rest_route=\/wp\/v2\/pages\/45"}],"collection":[{"href":"https:\/\/therapieoberst.de\/index.php?rest_route=\/wp\/v2\/pages"}],"about":[{"href":"https:\/\/therapieoberst.de\/index.php?rest_route=\/wp\/v2\/types\/page"}],"author":[{"embeddable":true,"href":"https:\/\/therapieoberst.de\/index.php?rest_route=\/wp\/v2\/users\/1"}],"replies":[{"embeddable":true,"href":"https:\/\/therapieoberst.de\/index.php?rest_route=%2Fwp%2Fv2%2Fcomments&post=45"}],"version-history":[{"count":3,"href":"https:\/\/therapieoberst.de\/index.php?rest_route=\/wp\/v2\/pages\/45\/revisions"}],"predecessor-version":[{"id":68,"href":"https:\/\/therapieoberst.de\/index.php?rest_route=\/wp\/v2\/pages\/45\/revisions\/68"}],"wp:attachment":[{"href":"https:\/\/therapieoberst.de\/index.php?rest_route=%2Fwp%2Fv2%2Fmedia&parent=45"}],"curies":[{"name":"wp","href":"https:\/\/api.w.org\/{rel}","templated":true}]}}